[INFO] cloning repository https://github.com/Yasu-umi/rust_nlp_100_examples
[INFO] running `Command { std: "git" "-c" "credential.helper=" "-c" "credential.helper=/workspace/cargo-home/bin/git-credential-null" "clone" "--bare" "https://github.com/Yasu-umi/rust_nlp_100_examples" "/workspace/cache/git-repos/https%3A%2F%2Fgithub.com%2FYasu-umi%2Frust_nlp_100_examples", kill_on_drop: false }`
[INFO] [stderr] Cloning into bare repository '/workspace/cache/git-repos/https%3A%2F%2Fgithub.com%2FYasu-umi%2Frust_nlp_100_examples'...
[INFO] running `Command { std: "git" "rev-parse" "HEAD", kill_on_drop: false }`
[INFO] [stdout] 27e0703dde6f5a788ed06ac818c02b64af4b75e7
[INFO] checking Yasu-umi/rust_nlp_100_examples against master#cfbc6d4cf1acbac5c025acf8ed68929caa551df3 for pr-75494-beta
[INFO] running `Command { std: "git" "clone" "/workspace/cache/git-repos/https%3A%2F%2Fgithub.com%2FYasu-umi%2Frust_nlp_100_examples" "/workspace/builds/worker-8/source", kill_on_drop: false }`
[INFO] [stderr] Cloning into '/workspace/builds/worker-8/source'...
[INFO] [stderr] done.
[INFO] validating manifest of git repo https://github.com/Yasu-umi/rust_nlp_100_examples on toolchain cfbc6d4cf1acbac5c025acf8ed68929caa551df3
[INFO] running `Command { std: "/workspace/cargo-home/bin/cargo" "+cfbc6d4cf1acbac5c025acf8ed68929caa551df3" "read-manifest" "--manifest-path" "Cargo.toml", kill_on_drop: false }`
[INFO] started tweaking git repo https://github.com/Yasu-umi/rust_nlp_100_examples
[INFO] finished tweaking git repo https://github.com/Yasu-umi/rust_nlp_100_examples
[INFO] tweaked toml for git repo https://github.com/Yasu-umi/rust_nlp_100_examples written to /workspace/builds/worker-8/source/Cargo.toml
[INFO] crate git repo https://github.com/Yasu-umi/rust_nlp_100_examples already has a lockfile, it will not be regenerated
[INFO] running `Command { std: "/workspace/cargo-home/bin/cargo" "+cfbc6d4cf1acbac5c025acf8ed68929caa551df3" "fetch" "--locked" "--manifest-path" "Cargo.toml", kill_on_drop: false }`
[INFO] [stderr]     Blocking waiting for file lock on package cache
[INFO] [stderr]     Blocking waiting for file lock on package cache
[INFO] [stderr]  Downloading crates ...
[INFO] [stderr]   Downloaded base64 v0.4.2
[INFO] [stderr]   Downloaded num-complex v0.1.38
[INFO] [stderr]   Downloaded hyper v0.10.9
[INFO] [stderr]   Downloaded cabocha v0.1.4
[INFO] [stderr]   Downloaded gnuplot v0.0.22
[INFO] [stderr]   Downloaded blas-sys v0.6.7
[INFO] [stderr]   Downloaded ndarray v0.9.1
[INFO] [stderr]   Downloaded scopeguard v0.3.2
[INFO] [stderr]   Downloaded serde_derive v0.9.15
[INFO] [stderr]   Downloaded farmhash v1.1.5
[INFO] [stderr]   Downloaded scan_fmt v0.1.1
[INFO] [stderr]   Downloaded serde v1.0.1
[INFO] [stderr]   Downloaded serde_json v1.0.0
[INFO] [stderr]   Downloaded mecab v0.1.3
[INFO] [stderr]   Downloaded wordnet_stemmer v0.1.1
[INFO] [stderr]   Downloaded textnonce v0.6.0
[INFO] [stderr]   Downloaded hostname v0.1.3
[INFO] [stderr]   Downloaded winutil v0.1.0
[INFO] [stderr]   Downloaded tar v0.4.13
[INFO] [stderr]   Downloaded mongodb v0.3.0
[INFO] [stderr]   Downloaded xattr v0.1.11
[INFO] [stderr]   Downloaded bson v0.8.0
[INFO] [stderr]   Downloaded openblas-src v0.5.3
[INFO] [stderr]   Downloaded bzip2-sys v0.1.5
[INFO] running `Command { std: "docker" "create" "-v" "/var/lib/crater-agent-workspace/builds/worker-8/target:/opt/rustwide/target:rw,Z" "-v" "/var/lib/crater-agent-workspace/builds/worker-8/source:/opt/rustwide/workdir:ro,Z" "-v" "/var/lib/crater-agent-workspace/cargo-home:/opt/rustwide/cargo-home:ro,Z" "-v" "/var/lib/crater-agent-workspace/rustup-home:/opt/rustwide/rustup-home:ro,Z" "-e" "SOURCE_DIR=/opt/rustwide/workdir" "-e" "CARGO_TARGET_DIR=/opt/rustwide/target" "-e" "CARGO_HOME=/opt/rustwide/cargo-home" "-e" "RUSTUP_HOME=/opt/rustwide/rustup-home" "-w" "/opt/rustwide/workdir" "-m" "1610612736" "--user" "0:0" "--network" "none" "rustops/crates-build-env@sha256:a636fd89d022f18117e1dc8fb37a0a009933cdbbe082814857f0e2024962d47c" "/opt/rustwide/cargo-home/bin/cargo" "+cfbc6d4cf1acbac5c025acf8ed68929caa551df3" "metadata" "--no-deps" "--format-version=1", kill_on_drop: false }`
[INFO] [stdout] 0dd57bf8f868f283ee3ea759f74c9fff32e1687b4e5bdd37481269676ba1bdd0
[INFO] [stderr] WARNING: Your kernel does not support swap limit capabilities or the cgroup is not mounted. Memory limited without swap.
[INFO] running `Command { std: "docker" "start" "-a" "0dd57bf8f868f283ee3ea759f74c9fff32e1687b4e5bdd37481269676ba1bdd0", kill_on_drop: false }`
[INFO] running `Command { std: "docker" "inspect" "0dd57bf8f868f283ee3ea759f74c9fff32e1687b4e5bdd37481269676ba1bdd0", kill_on_drop: false }`
[INFO] running `Command { std: "docker" "rm" "-f" "0dd57bf8f868f283ee3ea759f74c9fff32e1687b4e5bdd37481269676ba1bdd0", kill_on_drop: false }`
[INFO] [stdout] 0dd57bf8f868f283ee3ea759f74c9fff32e1687b4e5bdd37481269676ba1bdd0
[INFO] running `Command { std: "docker" "create" "-v" "/var/lib/crater-agent-workspace/builds/worker-8/target:/opt/rustwide/target:rw,Z" "-v" "/var/lib/crater-agent-workspace/builds/worker-8/source:/opt/rustwide/workdir:ro,Z" "-v" "/var/lib/crater-agent-workspace/cargo-home:/opt/rustwide/cargo-home:ro,Z" "-v" "/var/lib/crater-agent-workspace/rustup-home:/opt/rustwide/rustup-home:ro,Z" "-e" "SOURCE_DIR=/opt/rustwide/workdir" "-e" "CARGO_TARGET_DIR=/opt/rustwide/target" "-e" "CARGO_INCREMENTAL=0" "-e" "RUST_BACKTRACE=full" "-e" "RUSTFLAGS=--cap-lints=forbid" "-e" "CARGO_HOME=/opt/rustwide/cargo-home" "-e" "RUSTUP_HOME=/opt/rustwide/rustup-home" "-w" "/opt/rustwide/workdir" "-m" "1610612736" "--user" "0:0" "--network" "none" "rustops/crates-build-env@sha256:a636fd89d022f18117e1dc8fb37a0a009933cdbbe082814857f0e2024962d47c" "/opt/rustwide/cargo-home/bin/cargo" "+cfbc6d4cf1acbac5c025acf8ed68929caa551df3" "check" "--frozen" "--all" "--all-targets" "--message-format=json", kill_on_drop: false }`
[INFO] [stderr] WARNING: Your kernel does not support swap limit capabilities or the cgroup is not mounted. Memory limited without swap.
[INFO] [stdout] 93b43e47c87f85a0a951d8a025aae9e876eed75e2010422a27f42b76914bbcc2
[INFO] running `Command { std: "docker" "start" "-a" "93b43e47c87f85a0a951d8a025aae9e876eed75e2010422a27f42b76914bbcc2", kill_on_drop: false }`
[INFO] [stderr]     Checking num-traits v0.1.37
[INFO] [stderr]    Compiling unicode-xid v0.0.4
[INFO] [stderr]     Checking rustc-serialize v0.3.24
[INFO] [stderr]    Compiling pkg-config v0.3.9
[INFO] [stderr]    Compiling quote v0.3.15
[INFO] [stderr]     Checking encoding_index_tests v0.1.4
[INFO] [stderr]     Checking either v1.1.0
[INFO] [stderr]    Compiling openblas-src v0.5.3
[INFO] [stderr]    Compiling openssl v0.9.11
[INFO] [stderr]     Checking httparse v1.2.2
[INFO] [stderr]     Checking serde v1.0.1
[INFO] [stderr]     Checking linked-hash-map v0.4.2
[INFO] [stderr]    Compiling rayon-core v1.2.1
[INFO] [stderr]     Checking dtoa v0.4.1
[INFO] [stderr]    Compiling matrixmultiply v0.1.13
[INFO] [stderr]     Checking itoa v0.3.1
[INFO] [stderr]     Checking foreign-types v0.2.0
[INFO] [stderr]     Checking bitflags v0.8.2
[INFO] [stderr]     Checking scopeguard v0.3.2
[INFO] [stderr]    Compiling redis v0.8.0
[INFO] [stderr]     Checking serde v0.9.15
[INFO] [stderr]     Checking rawpointer v0.1.0
[INFO] [stderr]     Checking semver-parser v0.7.0
[INFO] [stderr]    Compiling ndarray v0.9.1
[INFO] [stderr]     Checking data-encoding v1.2.0
[INFO] [stderr]     Checking scan_fmt v0.1.1
[INFO] [stderr]     Checking farmhash v1.1.5
[INFO] [stderr]     Checking bufstream v0.1.3
[INFO] [stderr]     Checking antidote v1.0.0
[INFO] [stderr]     Checking sha1 v0.2.0
[INFO] [stderr]     Checking utf8-ranges v1.0.0
[INFO] [stderr]     Checking bitflags v0.9.1
[INFO] [stderr]     Checking separator v0.3.1
[INFO] [stderr]     Checking gnuplot v0.0.22
[INFO] [stderr]     Checking cabocha v0.1.4
[INFO] [stderr]     Checking time v0.1.37
[INFO] [stderr]     Checking num_cpus v1.4.0
[INFO] [stderr]     Checking hostname v0.1.3
[INFO] [stderr]     Checking thread-id v3.0.0
[INFO] [stderr]     Checking memchr v1.0.1
[INFO] [stderr]     Checking xattr v0.1.11
[INFO] [stderr]     Checking filetime v0.1.10
[INFO] [stderr]     Checking mecab v0.1.3
[INFO] [stderr]     Checking unsafe-any v0.4.2
[INFO] [stderr]    Compiling miniz-sys v0.1.9
[INFO] [stderr]    Compiling bzip2-sys v0.1.5
[INFO] [stderr]     Checking error v0.1.9
[INFO] [stderr]     Checking base64 v0.4.2
[INFO] [stderr]     Checking encoding-index-korean v1.20141219.5
[INFO] [stderr]     Checking encoding-index-singlebyte v1.20141219.5
[INFO] [stderr]     Checking encoding-index-simpchinese v1.20141219.5
[INFO] [stderr]     Checking encoding-index-japanese v1.20141219.5
[INFO] [stderr]     Checking encoding-index-tradchinese v1.20141219.5
[INFO] [stderr]    Compiling synom v0.11.3
[INFO] [stderr]     Checking itertools v0.6.0
[INFO] [stderr]     Checking unreachable v0.1.1
[INFO] [stderr]     Checking coco v0.1.1
[INFO] [stderr]     Checking semver v0.7.0
[INFO] [stderr]     Checking wordnet_stemmer v0.1.1
[INFO] [stderr]    Compiling unicase v1.4.0
[INFO] [stderr]    Compiling hyper v0.10.9
[INFO] [stderr]     Checking num-integer v0.1.34
[INFO] [stderr]     Checking num-complex v0.1.38
[INFO] [stderr]     Checking aho-corasick v0.6.3
[INFO] [stderr]     Checking typemap v0.3.3
[INFO] [stderr]     Checking tar v0.4.13
[INFO] [stderr]    Compiling openssl-sys v0.9.11
[INFO] [stderr]     Checking thread_local v0.3.3
[INFO] [stderr] error: failed to run custom build command for `openblas-src v0.5.3`
[INFO] [stderr] 
[INFO] [stderr] Caused by:
[INFO] [stderr]   process didn't exit successfully: `/opt/rustwide/target/debug/build/openblas-src-db2361a8d814d564/build-script-build` (exit code: 101)
[INFO] [stderr]   --- stdout
[INFO] [stderr]   Running: `"make" "libs" "netlib" "shared" "BINARY=64" "YES_CBLAS=1" "YES_LAPACKE=1" "-j14"`
[INFO] [stderr] 
[INFO] [stderr]   --- stderr
[INFO] [stderr]   /usr/bin/ld: cannot open output file getarch: Read-only file system
[INFO] [stderr]   collect2: error: ld returned 1 exit status
[INFO] [stderr]   make: *** [Makefile.prebuild:54: getarch] Error 1
[INFO] [stderr]   Makefile.system:912: Makefile.: No such file or directory
[INFO] [stderr]   make: *** No rule to make target 'Makefile.'.  Stop.
[INFO] [stderr]   thread 'main' panicked at 'Failed: `"make" "libs" "netlib" "shared" "BINARY=64" "YES_CBLAS=1" "YES_LAPACKE=1" "-j14"` (exit code: 2)', /opt/rustwide/cargo-home/registry/src/github.com-1ecc6299db9ec823/openblas-src-0.5.3/build.rs:39:13
[INFO] [stderr]   stack backtrace:
[INFO] [stderr]      0:     0x557cd4006395 - backtrace::backtrace::libunwind::trace::h5e2646fa3eddf2ea
[INFO] [stderr]                                  at /cargo/registry/src/github.com-1ecc6299db9ec823/backtrace-0.3.46/src/backtrace/libunwind.rs:86
[INFO] [stderr]      1:     0x557cd4006395 - backtrace::backtrace::trace_unsynchronized::hb95dd7f77ce47877
[INFO] [stderr]                                  at /cargo/registry/src/github.com-1ecc6299db9ec823/backtrace-0.3.46/src/backtrace/mod.rs:66
[INFO] [stderr]      2:     0x557cd4006395 - std::sys_common::backtrace::_print_fmt::h5e71b67af43fd70d
[INFO] [stderr]                                  at src/libstd/sys_common/backtrace.rs:78
[INFO] [stderr]      3:     0x557cd4006395 - <std::sys_common::backtrace::_print::DisplayBacktrace as core::fmt::Display>::fmt::hdb4a83d2b61107e5
[INFO] [stderr]                                  at src/libstd/sys_common/backtrace.rs:59
[INFO] [stderr]      4:     0x557cd40282fc - core::fmt::write::ha20e7262fa3e8a7a
[INFO] [stderr]                                  at src/libcore/fmt/mod.rs:1076
[INFO] [stderr]      5:     0x557cd4004322 - std::io::Write::write_fmt::h1aebfe8a5a79e36d
[INFO] [stderr]                                  at src/libstd/io/mod.rs:1537
[INFO] [stderr]      6:     0x557cd40087d0 - std::sys_common::backtrace::_print::h9c07314cc66ba539
[INFO] [stderr]                                  at src/libstd/sys_common/backtrace.rs:62
[INFO] [stderr]      7:     0x557cd40087d0 - std::sys_common::backtrace::print::hd1fd65f49a2d8544
[INFO] [stderr]                                  at src/libstd/sys_common/backtrace.rs:49
[INFO] [stderr]      8:     0x557cd40087d0 - std::panicking::default_hook::{{closure}}::h222da46485ab36fc
[INFO] [stderr]                                  at src/libstd/panicking.rs:198
[INFO] [stderr]      9:     0x557cd400851c - std::panicking::default_hook::hc5868949d129ed00
[INFO] [stderr]                                  at src/libstd/panicking.rs:217
[INFO] [stderr]     10:     0x557cd4008e13 - std::panicking::rust_panic_with_hook::h26a6ab8b0993c0c8
[INFO] [stderr]                                  at src/libstd/panicking.rs:526
[INFO] [stderr]     11:     0x557cd4008a0b - rust_begin_unwind
[INFO] [stderr]                                  at src/libstd/panicking.rs:437
[INFO] [stderr]     12:     0x557cd400897b - std::panicking::begin_panic_fmt::h2ff295231415d4a6
[INFO] [stderr]                                  at src/libstd/panicking.rs:391
[INFO] [stderr]     13:     0x557cd3ff0a15 - build_script_build::run::h78c0a9269c96510c
[INFO] [stderr]                                  at /opt/rustwide/cargo-home/registry/src/github.com-1ecc6299db9ec823/openblas-src-0.5.3/build.rs:39
[INFO] [stderr]     14:     0x557cd3ff0209 - build_script_build::main::h4edc5110451f895d
[INFO] [stderr]                                  at /opt/rustwide/cargo-home/registry/src/github.com-1ecc6299db9ec823/openblas-src-0.5.3/build.rs:18
[INFO] [stderr]     15:     0x557cd3ffc09b - std::rt::lang_start::{{closure}}::he6764b5dac93ce5d
[INFO] [stderr]                                  at /rustc/cfbc6d4cf1acbac5c025acf8ed68929caa551df3/src/libstd/rt.rs:67
[INFO] [stderr]     16:     0x557cd40091e3 - std::rt::lang_start_internal::{{closure}}::h84a998219831fa70
[INFO] [stderr]                                  at src/libstd/rt.rs:52
[INFO] [stderr]     17:     0x557cd40091e3 - std::panicking::try::do_call::he8e1d689a3e26def
[INFO] [stderr]                                  at src/libstd/panicking.rs:348
[INFO] [stderr]     18:     0x557cd40091e3 - std::panicking::try::h264b6eebc2fa7bbf
[INFO] [stderr]                                  at src/libstd/panicking.rs:325
[INFO] [stderr]     19:     0x557cd40091e3 - std::panic::catch_unwind::hbf28fafa723b2128
[INFO] [stderr]                                  at src/libstd/panic.rs:394
[INFO] [stderr]     20:     0x557cd40091e3 - std::rt::lang_start_internal::he959aa59bc3ec202
[INFO] [stderr]                                  at src/libstd/rt.rs:51
[INFO] [stderr]     21:     0x557cd3ffc077 - std::rt::lang_start::h243862c3fe58a305
[INFO] [stderr]                                  at /rustc/cfbc6d4cf1acbac5c025acf8ed68929caa551df3/src/libstd/rt.rs:67
[INFO] [stderr]     22:     0x557cd3ff0b3a - main
[INFO] [stderr]     23:     0x7fa77264a0b3 - __libc_start_main
[INFO] [stderr]     24:     0x557cd3fee17e - _start
[INFO] [stderr]     25:                0x0 - <unknown>
[INFO] [stderr] warning: build failed, waiting for other jobs to finish...
[INFO] [stderr] error: build failed
[INFO] running `Command { std: "docker" "inspect" "93b43e47c87f85a0a951d8a025aae9e876eed75e2010422a27f42b76914bbcc2", kill_on_drop: false }`
[INFO] running `Command { std: "docker" "rm" "-f" "93b43e47c87f85a0a951d8a025aae9e876eed75e2010422a27f42b76914bbcc2", kill_on_drop: false }`
[INFO] [stdout] 93b43e47c87f85a0a951d8a025aae9e876eed75e2010422a27f42b76914bbcc2
